{"id":14,"date":"2012-10-11T18:45:38","date_gmt":"2012-10-11T18:45:38","guid":{"rendered":"http:\/\/smartit.webtemplatemasters.com\/?page_id=14"},"modified":"2015-09-28T23:17:02","modified_gmt":"2015-09-28T23:17:02","slug":"about","status":"publish","type":"page","link":"https:\/\/www.trevisamonitoramento.com.br\/?page_id=14","title":{"rendered":"Empresa"},"content":{"rendered":"<h3 class=\"section-title\" style=\"text-align: none; line-height: auto;\">Conhe\u00e7a a Trevis\u00e3 Monitoramento<\/h3>\n<p><div class=\"fourcol\"><br \/>\n<h6 style=\"text-align: none; line-height: auto;\">Seguran\u00e7a para seu patrim\u00f4nio<\/h6><br \/>\n<p style=\"\" class=\"dropcapcircle\">A <\/p><\/p>\n<p>&nbsp;<\/p>\n<p>Trevis\u00e3 Seguran\u00e7a e Monitoramento 24 horas, empresa especializada no ramo de\u00a0seguran\u00e7a eletr\u00f4nica, garante a\u00a0prote\u00e7\u00e3o de resid\u00eancias,\u00a0condom\u00ednios\u00a0e empresas em Peru\u00edbe e regi\u00e3o.<\/p>\n<p>Com mais de 15 anos de experi\u00eancia, trabalhamos com\u00a0o que h\u00e1 de mais moderno em produtos e equipamentos de seguran\u00e7a.<br \/>\n<\/div><div class=\"fourcol\"><br \/>\n<h6 style=\"text-align: none; line-height: auto;\">Tecnologia e presen\u00e7a<\/h6><br \/>\n<p style=\"\" class=\"dropcapcircle\">J<\/p><\/p>\n<p style=\"text-align: left;\">J\u00e1 est\u00e1 comprovada a efici\u00eancia e utilidade de sistemas eletr\u00f4nicos de seguran\u00e7a com c\u00e2meras, sensores e alarmes. Contudo, o mais dif\u00edcil \u00e9 decidir o equipamento certo para cada situa\u00e7\u00e3o, bem como planejar sua operacionaliza\u00e7\u00e3o. \u00c9 este trabalho especializado que a Trevis\u00e3 Monitoramento oferece a seus clientes, realizando uma criteriosa an\u00e1lise dos locais a serem protegidos e estudando a melhor alternativa de custo-benef\u00edcio.<\/p>\n<p style=\"text-align: left;\">\n<\/div><div class=\"fourcol last\"><br \/>\n<h6 style=\"text-align: none; line-height: auto;\">Central equipada e monitorada 24 horas<\/h6><br \/>\n<p style=\"\" class=\"dropcapcircle\">N<\/p><\/p>\n<p style=\"text-align: left;\">Nossa Central de Monitoramento \u00e9 equipada com os mais avan\u00e7ados aparelhos receptores.Al\u00e9m disso, nossa equipe \u00e9 respons\u00e1vel pelo acompanhamento das atividades dos alarmes monitorados 24 horas, acompanhando o status de ativa\u00e7\u00e3o, desativa\u00e7\u00e3o, falhas el\u00e9tricas, baterias baixas, captura de imagens do sistema e muito mais de acordo com o contratado<\/p>\n<p><\/div><div class=\"clear\"><\/div><\/p>\n<div class=\"blank-separator\"><\/div>\n<h3 class=\"section-title\" style=\"text-align: none; line-height: auto;\">Veja imagens abaixo<\/h3>\n<p>&nbsp;<\/p>\n","protected":false},"excerpt":{"rendered":"<p>&nbsp;<\/p>\n","protected":false},"author":2,"featured_media":0,"parent":0,"menu_order":1,"comment_status":"open","ping_status":"closed","template":"","meta":[],"_links":{"self":[{"href":"https:\/\/www.trevisamonitoramento.com.br\/index.php?rest_route=\/wp\/v2\/pages\/14"}],"collection":[{"href":"https:\/\/www.trevisamonitoramento.com.br\/index.php?rest_route=\/wp\/v2\/pages"}],"about":[{"href":"https:\/\/www.trevisamonitoramento.com.br\/index.php?rest_route=\/wp\/v2\/types\/page"}],"author":[{"embeddable":true,"href":"https:\/\/www.trevisamonitoramento.com.br\/index.php?rest_route=\/wp\/v2\/users\/2"}],"replies":[{"embeddable":true,"href":"https:\/\/www.trevisamonitoramento.com.br\/index.php?rest_route=%2Fwp%2Fv2%2Fcomments&post=14"}],"version-history":[{"count":4,"href":"https:\/\/www.trevisamonitoramento.com.br\/index.php?rest_route=\/wp\/v2\/pages\/14\/revisions"}],"predecessor-version":[{"id":446,"href":"https:\/\/www.trevisamonitoramento.com.br\/index.php?rest_route=\/wp\/v2\/pages\/14\/revisions\/446"}],"wp:attachment":[{"href":"https:\/\/www.trevisamonitoramento.com.br\/index.php?rest_route=%2Fwp%2Fv2%2Fmedia&parent=14"}],"curies":[{"name":"wp","href":"https:\/\/api.w.org\/{rel}","templated":true}]}}