{"id":368,"date":"2012-10-11T18:39:40","date_gmt":"2012-10-11T18:39:40","guid":{"rendered":"http:\/\/smartit.webtemplatemasters.com\/?page_id=5"},"modified":"2021-12-15T20:49:30","modified_gmt":"2021-12-15T22:49:30","slug":"nivo-slider","status":"publish","type":"page","link":"https:\/\/www.trevisamonitoramento.com.br\/","title":{"rendered":""},"content":{"rendered":"<p><h3 class=\"section-title\" style=\"text-align: none; line-height: auto;\">Bem vindo a Trevisa Monitoramento<\/h3><br \/>\n<div class=\"fourcol\"><br \/>\n<figure class=\"img-shadow\"><img class=\"alignnone\" align=\"none\" alt=\"\"  style=\"margin:0px 0px 0px 0px;\" src=\"https:\/\/www.trevisamonitoramento.com.br\/site\/wp-content\/themes\/smartit\/admin\/extensions\/timthumb.php?src=https%3A%2F%2Fwww.trevisamonitoramento.com.br%2Fsite%2Fwp-content%2Fuploads%2F2015%2F09%2Fmonitores.png&w=252&h=200&a=t\" \/><\/figure><br \/>\n<h4 style=\"text-align: none; margin-bottom: 0px; line-height: auto;color: #fe5214; \">Monitoramento Eletr\u00f4nico<\/h4><h6 style=\"text-align: none; line-height: auto;\">Servi\u00e7os<\/h6><br \/>\n<ul class=\"list type-1\"><li>Nossa Central de Monitoramento \u00e9 equipada com os mais avan\u00e7ados aparelhos receptores.<\/li><\/ul><\/p>\n<p><\/div><div class=\"fourcol\"><br \/>\n<figure class=\"img-shadow\"><img class=\"alignnone\" align=\"none\" alt=\"\"  style=\"margin:0px 0px 0px 0px;\" src=\"https:\/\/www.trevisamonitoramento.com.br\/site\/wp-content\/themes\/smartit\/admin\/extensions\/timthumb.php?src=https%3A%2F%2Fwww.trevisamonitoramento.com.br%2Fsite%2Fwp-content%2Fuploads%2F2015%2F09%2Fcftv1.png&w=252&h=200&a=t\" \/><\/figure><br \/>\n<h4 style=\"text-align: none; margin-bottom: 0px; line-height: auto;color: #fe5214; \">CFTV<\/h4><h6 style=\"text-align: none; line-height: auto;\">Circuito Fechado de Televis\u00e3o<\/h6><br \/>\n<ul class=\"list type-1\"><li>O registro e a visualiza\u00e7\u00e3o de pontos estrat\u00e9gicos&nbsp;das C\u00e2meras ampliam a seguran\u00e7a da sua resid\u00eancia, empresa e condom\u00ednio. <\/li><\/ul><\/p>\n<p><\/div><div class=\"fourcol last\"><br \/>\n<figure class=\"img-shadow\"><img class=\"alignnone\" align=\"none\" alt=\"\"  style=\"margin:0px 0px 0px 0px;\" src=\"https:\/\/www.trevisamonitoramento.com.br\/site\/wp-content\/themes\/smartit\/admin\/extensions\/timthumb.php?src=https%3A%2F%2Fwww.trevisamonitoramento.com.br%2Fsite%2Fwp-content%2Fuploads%2F2015%2F09%2Fmotorizada.png&w=252&h=200&a=t\" \/><\/figure><br \/>\n<h4 style=\"text-align: none; margin-bottom: 0px; line-height: auto;color: #fe5214; \">Vigil\u00e2ncia Motorizada<\/h4><h6 style=\"text-align: none; line-height: auto;\">Condom\u00ednos e empresas<\/h6><br \/>\n<ul class=\"list type-1\"><li>Servi\u00e7o de vigil\u00e2ncia patrimonial preventiva com unidade volante<\/li><\/ul><\/p>\n<p><\/div><div class=\"clear\"><\/div><\/p>\n<p><div class=\"fourcol\"><br \/>\n<h4 class=\"block-title\">Seguran\u00e7a eletr\u00f4nica<\/h4><p><img alt=\"\" src=\"https:\/\/www.trevisamonitoramento.com.br\/site\/wp-content\/uploads\/2015\/07\/s40.jpg\" class=\"icon\"><br \/>\nTrevis\u00e3 Seguran\u00e7a e Monitoramento 24 horas, empresa especializada no ramo de seguran\u00e7a eletr\u00f4nica, garante a prote\u00e7\u00e3o de resid\u00eancias, condom\u00ednios e empresas em Peru\u00edbe e regi\u00e3o.<\/p>\n<p><\/p><br \/>\n<\/div><div class=\"fourcol\"><br \/>\n<h4 class=\"block-title\">Tecnologia e presen\u00e7a<\/h4><p><img alt=\"\" src=\"https:\/\/www.trevisamonitoramento.com.br\/site\/wp-content\/uploads\/2015\/07\/750n_family-11358361.jpg\" class=\"icon\"><\/p>\n<p>J\u00e1 est\u00e1 comprovada a efici\u00eancia e utilidade de sistemas eletr\u00f4nicos de seguran\u00e7a com c\u00e2meras, sensores e alarmes. Contudo, o mais dif\u00edcil \u00e9 decidir o equipamento certo para cada situa\u00e7\u00e3o.<\/p>\n<p><\/p><br \/>\n<\/div><div class=\"fourcol last\"><\/p>\n<h4 class=\"block-title\">Monitoramento 24 horas<\/h4><p><img alt=\"\" src=\"https:\/\/www.trevisamonitoramento.com.br\/site\/wp-content\/uploads\/2015\/07\/123.png\" class=\"icon\">\n<p>Nossa Central de Monitoramento \u00e9 equipada com os mais avan\u00e7ados aparelhos receptores. Al\u00e9m disso, nossa equipe \u00e9 respons\u00e1vel pelo acompanhamento das atividades dos alarmes monitorados 24 horas.<\/p>\n<p><\/p><br \/>\n<\/div><div class=\"clear\"><\/div><\/p>\n","protected":false},"excerpt":{"rendered":"","protected":false},"author":2,"featured_media":0,"parent":28,"menu_order":0,"comment_status":"open","ping_status":"closed","template":"","meta":[],"_links":{"self":[{"href":"https:\/\/www.trevisamonitoramento.com.br\/index.php?rest_route=\/wp\/v2\/pages\/368"}],"collection":[{"href":"https:\/\/www.trevisamonitoramento.com.br\/index.php?rest_route=\/wp\/v2\/pages"}],"about":[{"href":"https:\/\/www.trevisamonitoramento.com.br\/index.php?rest_route=\/wp\/v2\/types\/page"}],"author":[{"embeddable":true,"href":"https:\/\/www.trevisamonitoramento.com.br\/index.php?rest_route=\/wp\/v2\/users\/2"}],"replies":[{"embeddable":true,"href":"https:\/\/www.trevisamonitoramento.com.br\/index.php?rest_route=%2Fwp%2Fv2%2Fcomments&post=368"}],"version-history":[{"count":17,"href":"https:\/\/www.trevisamonitoramento.com.br\/index.php?rest_route=\/wp\/v2\/pages\/368\/revisions"}],"predecessor-version":[{"id":486,"href":"https:\/\/www.trevisamonitoramento.com.br\/index.php?rest_route=\/wp\/v2\/pages\/368\/revisions\/486"}],"up":[{"embeddable":true,"href":"https:\/\/www.trevisamonitoramento.com.br\/index.php?rest_route=\/wp\/v2\/pages\/28"}],"wp:attachment":[{"href":"https:\/\/www.trevisamonitoramento.com.br\/index.php?rest_route=%2Fwp%2Fv2%2Fmedia&parent=368"}],"curies":[{"name":"wp","href":"https:\/\/api.w.org\/{rel}","templated":true}]}}